 to base 15.
-644
Convert 1901 (base 16) to base 9.
8702
-2342130 (base 5) to base 4
-22212113
-2222011 (base 3) to base 9
-2864
Convert 103135 (base 8) to base 6.
423125
8319 (base 14) to base 10
22563
What is -110031 (base 5) in base 7?
-13660
Convert -48c1 (base 13) to base 12.
-5b61
What is 419a (base 16) in base 3?
212001000
-244211 (base 6) to base 15
-6654
What is -33250 (base 7) in base 4?
-2002231
Convert 524 (base 8) to base 13.
202
7938 (base 15) to base 9
38228
What is -2b17 (base 12) in base 5?
-130214
What is -4658 (base 16) in base 10?
-18008
-133233 (base 4) to base 14
-a51
What is 12303 (base 4) in base 6?
2003
Convert 1002104 (base 5) to base 6.
201344
Convert -801a (base 14) to base 10.
-21976
1651 (base 9) to base 3
1201201
Convert 100c (base 13) to base 14.
b3b
What is 853 (base 11) in base 15?
486
Convert 34133 (base 5) to base 4.
211302
What is 2222b (base 12) in base 16?
b0c3
What is 1102001111 (base 3) in base 10?
27742
Convert -1110001111 (base 2) to base 11.
-759
What is 182 (base 13) in base 6?
1135
Convert -10110011101011 (base 2) to base 4.
-2303223
345 (base 12) to base 14
269
b1 (base 15) to base 16
a6
What is -1284 (base 9) in base 13?
-595
10375 (base 9) to base 13
3188
22210220 (base 3) to base 9
8726
Convert -4102 (base 9) to base 10.
-2999
What is 192 (base 14) in base 15?
169
What is -432160 (base 7) in base 12?
-37634
Convert -25633 (base 7) to base 9.
-10334
1288 (base 15) to base 14
1625
Convert 1279 (base 14) to base 11.
2489
What is 902 (base 16) in base 11?
1807
What is -9d (base 15) in base 2?
-10010100
What is -13a2 (base 16) in base 15?
-1751
-9509 (base 10) to base 14
-3673
What is -40030 (base 7) in base 15?
-2cba
Convert -22100 (base 3) to base 12.
-169
What is 205013 (base 6) in base 10?
16641
What is -1320 (base 9) in base 12?
-6a6
714 (base 16) to base 12
1070
What is -254 (base 12) in base 4?
-11200
What is 18080 (base 10) in base 13?
82ca
What is -c11b (base 15) in base 5?
-2301001
Convert -1241 (base 10) to base 2.
-10011011001
-4775 (base 16) to base 9
-27075
What is -66501 (base 7) in base 6?
-205210
-676 (base 14) to base 3
-1202102
2242 (base 7) to base 8
1456
-3031000 (base 4) to base 5
-404440
What is -3334 (base 5) in base 13?
-2a1
What is -195 (base 11) in base 14?
-121
Convert 6300 (base 15) to base 2.
101000110111101
11000110 (base 2) to base 16
c6
What is -331121 (base 5) in base 11?
-8634
Convert -1042 (base 7) to base 3.
-111211
-1022 (base 6) to base 4
-3212
-139 (base 14) to base 7
-502
What is -3032011 (base 4) in base 10?
-13189
Convert 24041 (base 6) to base 8.
6631
What is 27314 (base 9) in base 4?
10200301
Convert 10540 (base 6) to base 11.
1144
-43 (base 15) to base 3
-2100
Convert -306 (base 16) to base 9.
-1050
What is -26022 (base 8) in base 14?
-417c
Convert 135263 (base 7) to base 6.
315432
Convert -3212 (base 4) to base 6.
-1022
Convert 510242 (base 6) to base 10.
40274
Convert -24504 (base 6) to base 14.
-1480
What is 222525 (base 7) in base 15?
b9e6
Convert 4310 (base 7) to base 15.
6bb
32200 (base 6) to base 13
1ccb
Convert 1010213 (base 4) to base 12.
265b
What is -6129 (base 13) in base 9?
-20323
7a8 (base 11) to base 9
1282
-1001111111001011 (base 2) to base 13
-15809
Convert -2400 (base 8) to base 3.
-1202102
Convert 1321 (base 8) to base 6.
3201
Convert 9763 (base 10) to base 14.
37b5
What is 143 (base 9) in base 16?
78
What is 2ba (base 13) in base 3?
200012
What is 30b (base 16) in base 2?
1100001011
Convert -11101110 (base 2) to base 11.
-1a7
-a0c (base 16) to base 4
-220030
Convert -2211110 (base 3) to base 6.
-13320
12a6 (base 12) to base 4
201132
What is -55344 (base 6) in base 4?
-1320100
What is -4002 (base 6) in base 16?
-362
What is -62217 (base 8) in base 16?
-648f
-1222121 (base 3) to base 13
-874
-12b3 (base 14) to base 7
-12413
-1001110000 (base 2) to base 8
-1160
Convert aca (base 13) to base 14.
968
What is -308 (base 14) in base 5?
-4341
What is 316266 (base 7) in base 15?
11486
5683 (base 10) to base 5
140213
8e (base 15) to base 5
1014
What is 102221 (base 6) in base 5?
231133
What is -1422 (base 13) in base 3?
-10222110
What is 110011 (base 3) in base 11?
279
Convert -1210120 (base 3) to base 10.
-1311
What is 11111110 (base 4) in base 16?
5554
10202 (base 3) to base 2
1100101
-10457 (base 8) to base 15
-1484
Convert 2277 (base 8) to base 3.
1200000
What is 7b1e (base 16) in base 10?
31518
Convert -290 (base 10) to base 8.
-442
What is -316 (base 16) in base 3?
-1002021
What is -2a43 (base 13) in base 16?
-17fb
Convert 826b (base 13) to base 5.
1034003
What is -3 (base 6) in base 4?
-3
Convert -1978 (base 13) to base 14.
-1569
Convert -552 (base 15) to base 7.
-3335
What is 134023 (base 5) in base 13?
2681
What is -12413 (base 10) in base 3?
-122000202
Convert -419 (base 14) to base 13.
-4a1
-101010 (base 4) to base 14
-580
Convert -101111 (base 3) to base 15.
-13d
Convert -1004232 (base 5) to base 2.
-11111101000000
Convert -152213 (base 6) to base 4.
-3212301
Convert 2320213 (base 4) to base 2.
10111000100111
-13124 (base 5) to base 2
-10000001111
What is -2215 (base 6) in base 14?
-28b
Convert 2010331 (base 4) to base 2.
10000100111101
-101021021 (base 3) to base 10
-7486
What is -202201 (base 3) in base 13?
-340
Convert 105 (base 14) to base 7.
405
What is 7433 (base 8) in base 7?
14163
Convert -111110010001 (base 2) to base 13.
-1a77
Convert 12313320 (base 4) to base 6.
334200
Convert 49 (base 10) to base 14.
37
What is -2011001000 (base 3) in base 2?
-1010010101000101
Convert 1643 (base 11) to base 13.
c5b
Convert 3be (base 15) to base 8.
1526
-44230 (base 6) to base 8
-13772
Convert -4553 (base 8) to base 10.
-2411
403 (base 6) to base 15
9c
What is 4307 (base 9) in base 4?
301132
What is -292 (base 15) in base 3?
-210202
15a (base 14) to base 7
543
1623 (base 15) to base 10
4758
Convert -3b4c (base 13) to base 4.
-2011002
Convert 75b (base 13) to base 14.
65d
What is 323 (base 12) in base 14?
24b
214 (base 9) to base 5
1200
-11200 (base 7) to base 16
-b1a
Convert 592 (base 12) to base 7.
2264
Convert -11201222 (base 3) to base 7.
-13034
What is 5a8 (base 15) in base 14?
679
Convert 52 (base 12) to base 15.
42
Convert 602 (base 10) to base 16.
25a
What is -201212 (base 6) in base 11?
-109a8
What is -2100200 (base 3) in base 6?
-11543
What is 100110010100110 (base 2) in base 9?
28822
-a35 (base 16) to base 5
-40423
-215542 (base 6) to base 3
-220212122
-1011010000011 (base 2) to base 8
-13203
245 (base 8) to base 11
140
39b (base 12) to base 10
551
What is 17298 (base 10) in base 7?
101301
Convert -7ac (base 13) to base 6.
-10045
Convert -20434 (base 5) to base 6.
-10201
44017 (base 8) to base 3
221022020
What is -2201021 (base 3) in base 6?
-13054
-455 (base 10) to base 6
-2035
Convert 100010101 (base 2) to base 4.
10111
-16601 (base 11) to base 10
-23354
Convert -1011100110 (base 2) to base 14.
-3b0
What is a413 (base 11) in base 5?
420213
What is 4531 (base 15) in base 9?
22111
What is -112 (base 10) in base 7?
-220
-69c8 (base 14) to base 11
-12911
What is 236105 (base 7) in base 15?
cabe
Convert 1224 (base 5) to base 9.
230
What is 6aa (base 16) in base 13?
a13
What is 6776 (base 14) in base 2?
100011000010100
Convert 40332 (base 5) to base 7.
10362
-c8d8 (base 14) to base 15
-a426
Convert 12220 (base 4) to base 12.
2b4
Convert -6d (base 14) to base 12.
-81
22300121 (base 4) to base 6
535545
Convert 101101001 (base 2) to base 10.
361
7969 (base 13) to base 7
100345
Convert -150 (base 11) to base 4.
-2300
What is -40022 (base 6) in base 15?
-1818
Convert -113042 (base 5) to base 10.
-4147
Convert -bac (base 14) to base 3.
-10011111
Convert -2052 (base 6) to base 3.
-122012
Convert -1062 (base 12) to base 6.
-12202
58 (base 16) to base 11
80
What is 49ca (base 13) in base 12?
608b
What is 2351 (base 8) in base 12?
889
20550 (base 7) to base 15
178c
What is 7270 (base 8) in base 5?
110033
What is 1db9 (base 14) in base 11?
410a
What is 1c54 (base 14) in base 4?
1100302
Convert -1b7a5 (base 12) to base 7.
-230114
116410 (base 7) to base 10
21469
Convert 1001011011001101 (base 2) to base 10.
38605
Convert -100101101011 (base 2) to base 6.
-15055
-24324 (base 6) to base 2
-110111111100
-212020 (base 3) to base 11
-520
Conver